{"id":144,"date":"2025-09-06T15:46:13","date_gmt":"2025-09-06T15:46:13","guid":{"rendered":"https:\/\/www.covacha.cl\/?page_id=144"},"modified":"2025-10-02T01:39:52","modified_gmt":"2025-10-02T01:39:52","slug":"directorio","status":"publish","type":"page","link":"https:\/\/www.covacha.cl\/?page_id=144","title":{"rendered":"Directorio"},"content":{"rendered":"<p>\n\n<div class=\"wp-block-image\">\n<figure class=\"aligncenter size-full\"><img loading=\"lazy\" decoding=\"async\" width=\"940\" height=\"177\" src=\"https:\/\/www.covacha.cl\/wp-content\/uploads\/2025\/09\/Cabecera-3.png\" alt=\"\" class=\"wp-image-391\" srcset=\"https:\/\/www.covacha.cl\/wp-content\/uploads\/2025\/09\/Cabecera-3.png 940w, https:\/\/www.covacha.cl\/wp-content\/uploads\/2025\/09\/Cabecera-3-300x56.png 300w, https:\/\/www.covacha.cl\/wp-content\/uploads\/2025\/09\/Cabecera-3-768x145.png 768w\" sizes=\"auto, (max-width: 940px) 100vw, 940px\" \/><\/figure>\n<\/div>\n\n<p style=\"text-align: center;\"><b>ONG de Desarrollo Covacha<\/b><br \/><b>RUT: 65.078.977-6<\/b><\/p>\n<p style=\"text-align: center;\"><b>Asociaci\u00f3n de derecho privado, sin fines de lucro, Organizaci\u00f3n No Gubernamental (Corporaci\u00f3n).\u00a0<\/b><b>Constituida el 11 de marzo de 2013.\u00a0<\/b><\/p>\n<p style=\"text-align: center;\"><b>Inscripci\u00f3n en el Registro Civil N\u00b031440 con fecha 18 de abril de 20213<\/b><\/p>\n<p style=\"text-align: center;\"><b>Es necesario consignar que el Directorio de la ONG Covacha realiza sus funciones directivas de\u00a0<\/b><b>forma gratuita para la organizaci\u00f3n.<\/b><\/p>\n<p>&nbsp;<\/p>\n<\/p>\n\n<div class=\"wp-block-image\">\n<figure class=\"aligncenter size-large\"><img loading=\"lazy\" decoding=\"async\" width=\"1024\" height=\"1024\" src=\"https:\/\/www.covacha.cl\/wp-content\/uploads\/2025\/10\/Post-de-Instagram-Abogados-Simple-Blanco-1024x1024.png\" alt=\"\" class=\"wp-image-453\" srcset=\"https:\/\/www.covacha.cl\/wp-content\/uploads\/2025\/10\/Post-de-Instagram-Abogados-Simple-Blanco-1024x1024.png 1024w, https:\/\/www.covacha.cl\/wp-content\/uploads\/2025\/10\/Post-de-Instagram-Abogados-Simple-Blanco-300x300.png 300w, https:\/\/www.covacha.cl\/wp-content\/uploads\/2025\/10\/Post-de-Instagram-Abogados-Simple-Blanco-150x150.png 150w, https:\/\/www.covacha.cl\/wp-content\/uploads\/2025\/10\/Post-de-Instagram-Abogados-Simple-Blanco-768x768.png 768w, https:\/\/www.covacha.cl\/wp-content\/uploads\/2025\/10\/Post-de-Instagram-Abogados-Simple-Blanco.png 1080w\" sizes=\"auto, (max-width: 1024px) 100vw, 1024px\" \/><\/figure>\n<\/div>","protected":false},"excerpt":{"rendered":"<p>ONG de Desarrollo CovachaRUT: 65.078.977-6 Asociaci\u00f3n de derecho privado, sin fines de lucro, Organizaci\u00f3n No Gubernamental (Corporaci\u00f3n).\u00a0Constituida el 11 de marzo de 2013.\u00a0 Inscripci\u00f3n en el Registro Civil N\u00b031440 con fecha 18 de abril de 20213 Es necesario consignar que el Directorio de la ONG Covacha realiza sus funciones directivas de\u00a0forma gratuita para la organizaci\u00f3n&#8230;.<\/p>\n","protected":false},"author":1,"featured_media":0,"parent":0,"menu_order":0,"comment_status":"closed","ping_status":"closed","template":"","meta":{"_crdt_document":"","_kadence_starter_templates_imported_post":false,"_kad_post_transparent":"","_kad_post_title":"hide","_kad_post_layout":"","_kad_post_sidebar_id":"","_kad_post_content_style":"","_kad_post_vertical_padding":"","_kad_post_feature":"","_kad_post_feature_position":"","_kad_post_header":false,"_kad_post_footer":false,"_kad_post_classname":"","footnotes":""},"class_list":["post-144","page","type-page","status-publish","hentry"],"_links":{"self":[{"href":"https:\/\/www.covacha.cl\/index.php?rest_route=\/wp\/v2\/pages\/144","targetHints":{"allow":["GET"]}}],"collection":[{"href":"https:\/\/www.covacha.cl\/index.php?rest_route=\/wp\/v2\/pages"}],"about":[{"href":"https:\/\/www.covacha.cl\/index.php?rest_route=\/wp\/v2\/types\/page"}],"author":[{"embeddable":true,"href":"https:\/\/www.covacha.cl\/index.php?rest_route=\/wp\/v2\/users\/1"}],"replies":[{"embeddable":true,"href":"https:\/\/www.covacha.cl\/index.php?rest_route=%2Fwp%2Fv2%2Fcomments&post=144"}],"version-history":[{"count":24,"href":"https:\/\/www.covacha.cl\/index.php?rest_route=\/wp\/v2\/pages\/144\/revisions"}],"predecessor-version":[{"id":454,"href":"https:\/\/www.covacha.cl\/index.php?rest_route=\/wp\/v2\/pages\/144\/revisions\/454"}],"wp:attachment":[{"href":"https:\/\/www.covacha.cl\/index.php?rest_route=%2Fwp%2Fv2%2Fmedia&parent=144"}],"curies":[{"name":"wp","href":"https:\/\/api.w.org\/{rel}","templated":true}]}}