{"id":9,"date":"2025-09-03T02:11:20","date_gmt":"2025-09-03T02:11:20","guid":{"rendered":"https:\/\/www.covacha.cl\/?page_id=9"},"modified":"2025-10-02T01:35:43","modified_gmt":"2025-10-02T01:35:43","slug":"quienes-somos","status":"publish","type":"page","link":"https:\/\/www.covacha.cl\/?page_id=9","title":{"rendered":"Quienes Somos"},"content":{"rendered":"<p><img loading=\"lazy\" decoding=\"async\" width=\"940\" height=\"177\" src=\"https:\/\/www.covacha.cl\/wp-content\/uploads\/2025\/09\/Cabecera.png\" alt=\"\" srcset=\"https:\/\/www.covacha.cl\/wp-content\/uploads\/2025\/09\/Cabecera.png 940w, https:\/\/www.covacha.cl\/wp-content\/uploads\/2025\/09\/Cabecera-300x56.png 300w, https:\/\/www.covacha.cl\/wp-content\/uploads\/2025\/09\/Cabecera-768x145.png 768w\" sizes=\"auto, (max-width: 940px) 100vw, 940px\" \/><\/p>\n\n\n\n\n<p class=\"wp-block-paragraph\"><strong>LA COVACHA<\/strong><\/p>\n\n\n\n<p class=\"wp-block-paragraph\"><strong><em>Desde 1995 aportando al desarrollo cultural y social de ni\u00f1os ni\u00f1as y adolescentes<\/em><\/strong><\/p>\n\n\n\n<p class=\"wp-block-paragraph\"><strong>\u00bfQui\u00e9nes somos?<\/strong><\/p>\n\n\n\n<p class=\"wp-block-paragraph\">Somos una Organizaci\u00f3n No Gubernamental, sin fines de lucro. Dedicada a la promoci\u00f3n y defensa de los derechos humanos de ni\u00f1as ni\u00f1os y adolescentes.<\/p>\n\n\n\n<p class=\"wp-block-paragraph\">Teniendo como marco de acci\u00f3n la Convenci\u00f3n de Derechos del Ni\u00f1o aprobada por la Asamblea<\/p>\n\n\n\n<p class=\"wp-block-paragraph\">General de la ONU el 20 de noviembre de 1989 y<\/p>\n\n\n\n<p class=\"wp-block-paragraph\">promulgada por el Estado chileno el 14 de agosto de 1990<\/p>\n\n\n\n<p class=\"wp-block-paragraph\"><strong>L\u00cdNEAS DE ACCI\u00d3N<\/strong><\/p>\n\n\n\n<p class=\"wp-block-paragraph\"><strong>Promoci\u00f3n<\/strong><\/p>\n\n\n\n<p class=\"wp-block-paragraph\">Impactar en la concepci\u00f3n adultoc\u00e9ntrica de los territorios, generando acciones tendientes a profundizar las tem\u00e1ticas de infancia y juventud a trav\u00e9s de campa\u00f1as de comunicaci\u00f3n, encuentros, jornadas, talleres, charlas, interacci\u00f3n con las comunidades educativas y actividades recreativo culturales, etc.<\/p>\n\n\n\n<p class=\"wp-block-paragraph\"><strong>Prevenci\u00f3n<\/strong><\/p>\n\n\n\n<p class=\"wp-block-paragraph\">Accionar de car\u00e1cter grupal, frente a la preeminencia de factores de riesgo o a la ocurrencia de problemas asociados a la vulneraci\u00f3n leve de derechos de NNA. Tambi\u00e9n implica orientaci\u00f3n, intervenci\u00f3n y\/o derivaci\u00f3n a trav\u00e9s de procesos de intervenci\u00f3n en crisis e intervenci\u00f3n breve con ni\u00f1os, ni\u00f1as, adolescentes y sus familias.<\/p>\n\n\n\n<p class=\"wp-block-paragraph\"><strong>Protecci\u00f3n Especial<\/strong><\/p>\n\n\n\n<p class=\"wp-block-paragraph\">Accionar de car\u00e1cter individualizado, frente a la ocurrencia de vulneraci\u00f3n moderada a grave de derechos que implica orientaci\u00f3n, derivaci\u00f3n de casos espec\u00edficos, seguimiento judicializado, intervenci\u00f3n socio terap\u00e9utica de mediano plazo con ni\u00f1os, ni\u00f1as, adolescentes y sus familias.<\/p>\n\n\n\n<p class=\"wp-block-paragraph\">Programa de Fortalecimiento del Buen trato a la ni\u00f1ez Financiados por la Municipalidad de El Quisco y por la Municipalidad de Algarrobo. Estos programas de car\u00e1cter promocional<\/p>\n\n\n\n<p class=\"wp-block-paragraph\">preventivos desarrollan acciones permanentes y espor\u00e1dicas en diversos territorios de las comunas aportando al desarrollo de Espacios amigables de participaci\u00f3n as\u00ed como fortalecer el conocimiento y la reflexi\u00f3n del mundo adulto tanto comunitario como profesional en tem\u00e1ticas de infancia y adolescencia: Pr\u00e1cticas parentales positivas, enfoque de derechos, coordinaci\u00f3n intersectorial, comunicaci\u00f3n saludable, actividades socio culturales de promoci\u00f3n de los derechos de los NNA Programa de Prevenci\u00f3n Focalizada (PPF) Financiado por el Servicio Mejor Ni\u00f1ez. Atiende a 185 NNA, de 0 a 17 a\u00f1os de las comunas de El Quisco, El Tabo y Algarrobo, que han sido v\u00edctima de vulneraci\u00f3n de derechos en su \u00e1mbito familiar; trabajando con cada NNA y su familia la situaci\u00f3n espec\u00edfica que lo afecta, profundizando en las competencias parentales y pautas de crianza respetuosa, coordinando con las redes de atenci\u00f3n, educaci\u00f3n, salud y servicios sociales.<\/p>\n\n\n\n<p class=\"wp-block-paragraph\">Los NNA atendidos en este programa son derivado por Tribunales de Familia o por la Oficinas Locales de Ni\u00f1ez (OLN).<\/p>\n\n\n\n<p class=\"wp-block-paragraph\"><strong>\u00bfQU\u00c9 HACEMOS?<\/strong><\/p>\n\n\n\n<p class=\"wp-block-paragraph\">Desarrollamos proyectos de car\u00e1cter social, comunitario y cultural tendientes a promover una cultura de los derechos humanos principalmente de ni\u00f1os, ni\u00f1as y adolescentes.<\/p>\n\n\n\n<p class=\"wp-block-paragraph\">Gestionamos recursos estatales para el desarrollo de pol\u00edticas p\u00fablicas de Promoci\u00f3n Prevenci\u00f3n y Protecci\u00f3n especial.<\/p>\n\n\n\n<p class=\"wp-block-paragraph\">Aportamos a una cultura del buen trato y respeto a ni\u00f1os ni\u00f1as y adolescentes a nivel local, nacional e internacional.<\/p>\n\n\n<style>.wp-block-kadence-advancedbtn.kb-btns9_6833a6-04{gap:var(--global-kb-gap-xs, 0.5rem );justify-content:center;align-items:center;}.kt-btns9_6833a6-04 .kt-button{font-weight:normal;font-style:normal;}.kt-btns9_6833a6-04 .kt-btn-wrap-0{margin-right:5px;}.wp-block-kadence-advancedbtn.kt-btns9_6833a6-04 .kt-btn-wrap-0 .kt-button{color:#555555;border-color:#555555;}.wp-block-kadence-advancedbtn.kt-btns9_6833a6-04 .kt-btn-wrap-0 .kt-button:hover, .wp-block-kadence-advancedbtn.kt-btns9_6833a6-04 .kt-btn-wrap-0 .kt-button:focus{color:#ffffff;border-color:#444444;}.wp-block-kadence-advancedbtn.kt-btns9_6833a6-04 .kt-btn-wrap-0 .kt-button::before{display:none;}.wp-block-kadence-advancedbtn.kt-btns9_6833a6-04 .kt-btn-wrap-0 .kt-button:hover, .wp-block-kadence-advancedbtn.kt-btns9_6833a6-04 .kt-btn-wrap-0 .kt-button:focus{background:#444444;}<\/style>\n<div class=\"wp-block-kadence-advancedbtn kb-buttons-wrap kb-btns9_6833a6-04\"><style>ul.menu .wp-block-kadence-advancedbtn .kb-btn9_7261cc-50.kb-button{width:initial;}<\/style><a class=\"kb-button kt-button button kb-btn9_7261cc-50 kt-btn-size-standard kt-btn-width-type-auto kb-btn-global-fill  kt-btn-has-text-true kt-btn-has-svg-false  wp-block-kadence-singlebtn\" href=\"https:\/\/www.covacha.cl\/?page_id=304\"><span class=\"kt-btn-inner-text\">Estatutos<\/span><\/a>\n\n<style>ul.menu .wp-block-kadence-advancedbtn .kb-btn9_26f58c-76.kb-button{width:initial;}<\/style><a class=\"kb-button kt-button button kb-btn9_26f58c-76 kt-btn-size-standard kt-btn-width-type-auto kb-btn-global-fill  kt-btn-has-text-true kt-btn-has-svg-false  wp-block-kadence-singlebtn\" href=\"https:\/\/www.covacha.cl\/?page_id=417\"><span class=\"kt-btn-inner-text\">Manual MDP<\/span><\/a>\n\n<style>ul.menu .wp-block-kadence-advancedbtn .kb-btn9_f7b2e9-d1.kb-button{width:initial;}<\/style><a class=\"kb-button kt-button button kb-btn9_f7b2e9-d1 kt-btn-size-standard kt-btn-width-type-auto kb-btn-global-fill  kt-btn-has-text-true kt-btn-has-svg-false  wp-block-kadence-singlebtn\" href=\"https:\/\/www.covacha.cl\/?page_id=307\"><span class=\"kt-btn-inner-text\">Equipo de Trabajo<\/span><\/a><\/div>\n\n\n\n<p class=\"wp-block-paragraph\"><\/p>\n","protected":false},"excerpt":{"rendered":"<p>LA COVACHA Desde 1995 aportando al desarrollo cultural y social de ni\u00f1os ni\u00f1as y adolescentes \u00bfQui\u00e9nes somos? Somos una Organizaci\u00f3n No Gubernamental, sin fines de lucro. Dedicada a la promoci\u00f3n y defensa de los derechos humanos de ni\u00f1as ni\u00f1os y adolescentes. Teniendo como marco de acci\u00f3n la Convenci\u00f3n de Derechos del Ni\u00f1o aprobada por la&#8230;<\/p>\n","protected":false},"author":1,"featured_media":36,"parent":0,"menu_order":0,"comment_status":"closed","ping_status":"closed","template":"","meta":{"_crdt_document":"","_kadence_starter_templates_imported_post":false,"_kad_post_transparent":"","_kad_post_title":"hide","_kad_post_layout":"narrow","_kad_post_sidebar_id":"","_kad_post_content_style":"unboxed","_kad_post_vertical_padding":"hide","_kad_post_feature":"hide","_kad_post_feature_position":"","_kad_post_header":false,"_kad_post_footer":false,"_kad_post_classname":"","footnotes":""},"class_list":["post-9","page","type-page","status-publish","has-post-thumbnail","hentry"],"_links":{"self":[{"href":"https:\/\/www.covacha.cl\/index.php?rest_route=\/wp\/v2\/pages\/9","targetHints":{"allow":["GET"]}}],"collection":[{"href":"https:\/\/www.covacha.cl\/index.php?rest_route=\/wp\/v2\/pages"}],"about":[{"href":"https:\/\/www.covacha.cl\/index.php?rest_route=\/wp\/v2\/types\/page"}],"author":[{"embeddable":true,"href":"https:\/\/www.covacha.cl\/index.php?rest_route=\/wp\/v2\/users\/1"}],"replies":[{"embeddable":true,"href":"https:\/\/www.covacha.cl\/index.php?rest_route=%2Fwp%2Fv2%2Fcomments&post=9"}],"version-history":[{"count":19,"href":"https:\/\/www.covacha.cl\/index.php?rest_route=\/wp\/v2\/pages\/9\/revisions"}],"predecessor-version":[{"id":450,"href":"https:\/\/www.covacha.cl\/index.php?rest_route=\/wp\/v2\/pages\/9\/revisions\/450"}],"wp:featuredmedia":[{"embeddable":true,"href":"https:\/\/www.covacha.cl\/index.php?rest_route=\/wp\/v2\/media\/36"}],"wp:attachment":[{"href":"https:\/\/www.covacha.cl\/index.php?rest_route=%2Fwp%2Fv2%2Fmedia&parent=9"}],"curies":[{"name":"wp","href":"https:\/\/api.w.org\/{rel}","templated":true}]}}

<p><img loading="lazy" decoding="async" width="940" height="177" src="https://www.covacha.cl/wp-content/uploads/2025/09/Cabecera.png" alt="" srcset="https://www.covacha.cl/wp-content/uploads/2025/09/Cabecera.png 940w, https://www.covacha.cl/wp-content/uploads/2025/09/Cabecera-300x56.png 300w, https://www.covacha.cl/wp-content/uploads/2025/09/Cabecera-768x145.png 768w" sizes="auto, (max-width: 940px) 100vw, 940px" /></p>




<p class="wp-block-paragraph"><strong>LA COVACHA</strong></p>



<p class="wp-block-paragraph"><strong><em>Desde 1995 aportando al desarrollo cultural y social de niños niñas y adolescentes</em></strong></p>



<p class="wp-block-paragraph"><strong>¿Quiénes somos?</strong></p>



<p class="wp-block-paragraph">Somos una Organización No Gubernamental, sin fines de lucro. Dedicada a la promoción y defensa de los derechos humanos de niñas niños y adolescentes.</p>



<p class="wp-block-paragraph">Teniendo como marco de acción la Convención de Derechos del Niño aprobada por la Asamblea</p>



<p class="wp-block-paragraph">General de la ONU el 20 de noviembre de 1989 y</p>



<p class="wp-block-paragraph">promulgada por el Estado chileno el 14 de agosto de 1990</p>



<p class="wp-block-paragraph"><strong>LÍNEAS DE ACCIÓN</strong></p>



<p class="wp-block-paragraph"><strong>Promoción</strong></p>



<p class="wp-block-paragraph">Impactar en la concepción adultocéntrica de los territorios, generando acciones tendientes a profundizar las temáticas de infancia y juventud a través de campañas de comunicación, encuentros, jornadas, talleres, charlas, interacción con las comunidades educativas y actividades recreativo culturales, etc.</p>



<p class="wp-block-paragraph"><strong>Prevención</strong></p>



<p class="wp-block-paragraph">Accionar de carácter grupal, frente a la preeminencia de factores de riesgo o a la ocurrencia de problemas asociados a la vulneración leve de derechos de NNA. También implica orientación, intervención y/o derivación a través de procesos de intervención en crisis e intervención breve con niños, niñas, adolescentes y sus familias.</p>



<p class="wp-block-paragraph"><strong>Protección Especial</strong></p>



<p class="wp-block-paragraph">Accionar de carácter individualizado, frente a la ocurrencia de vulneración moderada a grave de derechos que implica orientación, derivación de casos específicos, seguimiento judicializado, intervención socio terapéutica de mediano plazo con niños, niñas, adolescentes y sus familias.</p>



<p class="wp-block-paragraph">Programa de Fortalecimiento del Buen trato a la niñez Financiados por la Municipalidad de El Quisco y por la Municipalidad de Algarrobo. Estos programas de carácter promocional</p>



<p class="wp-block-paragraph">preventivos desarrollan acciones permanentes y esporádicas en diversos territorios de las comunas aportando al desarrollo de Espacios amigables de participación así como fortalecer el conocimiento y la reflexión del mundo adulto tanto comunitario como profesional en temáticas de infancia y adolescencia: Prácticas parentales positivas, enfoque de derechos, coordinación intersectorial, comunicación saludable, actividades socio culturales de promoción de los derechos de los NNA Programa de Prevención Focalizada (PPF) Financiado por el Servicio Mejor Niñez. Atiende a 185 NNA, de 0 a 17 años de las comunas de El Quisco, El Tabo y Algarrobo, que han sido víctima de vulneración de derechos en su ámbito familiar; trabajando con cada NNA y su familia la situación específica que lo afecta, profundizando en las competencias parentales y pautas de crianza respetuosa, coordinando con las redes de atención, educación, salud y servicios sociales.</p>



<p class="wp-block-paragraph">Los NNA atendidos en este programa son derivado por Tribunales de Familia o por la Oficinas Locales de Niñez (OLN).</p>



<p class="wp-block-paragraph"><strong>¿QUÉ HACEMOS?</strong></p>



<p class="wp-block-paragraph">Desarrollamos proyectos de carácter social, comunitario y cultural tendientes a promover una cultura de los derechos humanos principalmente de niños, niñas y adolescentes.</p>



<p class="wp-block-paragraph">Gestionamos recursos estatales para el desarrollo de políticas públicas de Promoción Prevención y Protección especial.</p>



<p class="wp-block-paragraph">Aportamos a una cultura del buen trato y respeto a niños niñas y adolescentes a nivel local, nacional e internacional.</p>


<style>.wp-block-kadence-advancedbtn.kb-btns9_6833a6-04{gap:var(--global-kb-gap-xs, 0.5rem );justify-content:center;align-items:center;}.kt-btns9_6833a6-04 .kt-button{font-weight:normal;font-style:normal;}.kt-btns9_6833a6-04 .kt-btn-wrap-0{margin-right:5px;}.wp-block-kadence-advancedbtn.kt-btns9_6833a6-04 .kt-btn-wrap-0 .kt-button{color:#555555;border-color:#555555;}.wp-block-kadence-advancedbtn.kt-btns9_6833a6-04 .kt-btn-wrap-0 .kt-button:hover, .wp-block-kadence-advancedbtn.kt-btns9_6833a6-04 .kt-btn-wrap-0 .kt-button:focus{color:#ffffff;border-color:#444444;}.wp-block-kadence-advancedbtn.kt-btns9_6833a6-04 .kt-btn-wrap-0 .kt-button::before{display:none;}.wp-block-kadence-advancedbtn.kt-btns9_6833a6-04 .kt-btn-wrap-0 .kt-button:hover, .wp-block-kadence-advancedbtn.kt-btns9_6833a6-04 .kt-btn-wrap-0 .kt-button:focus{background:#444444;}</style>
<div class="wp-block-kadence-advancedbtn kb-buttons-wrap kb-btns9_6833a6-04"><style>ul.menu .wp-block-kadence-advancedbtn .kb-btn9_7261cc-50.kb-button{width:initial;}</style><a class="kb-button kt-button button kb-btn9_7261cc-50 kt-btn-size-standard kt-btn-width-type-auto kb-btn-global-fill  kt-btn-has-text-true kt-btn-has-svg-false  wp-block-kadence-singlebtn" href="https://www.covacha.cl/?page_id=304"><span class="kt-btn-inner-text">Estatutos</span></a>

<style>ul.menu .wp-block-kadence-advancedbtn .kb-btn9_26f58c-76.kb-button{width:initial;}</style><a class="kb-button kt-button button kb-btn9_26f58c-76 kt-btn-size-standard kt-btn-width-type-auto kb-btn-global-fill  kt-btn-has-text-true kt-btn-has-svg-false  wp-block-kadence-singlebtn" href="https://www.covacha.cl/?page_id=417"><span class="kt-btn-inner-text">Manual MDP</span></a>

<style>ul.menu .wp-block-kadence-advancedbtn .kb-btn9_f7b2e9-d1.kb-button{width:initial;}</style><a class="kb-button kt-button button kb-btn9_f7b2e9-d1 kt-btn-size-standard kt-btn-width-type-auto kb-btn-global-fill  kt-btn-has-text-true kt-btn-has-svg-false  wp-block-kadence-singlebtn" href="https://www.covacha.cl/?page_id=307"><span class="kt-btn-inner-text">Equipo de Trabajo</span></a></div>



<p class="wp-block-paragraph"></p>

<p>LA COVACHA Desde 1995 aportando al desarrollo cultural y social de niños niñas y adolescentes ¿Quiénes somos? Somos una Organización No Gubernamental, sin fines de lucro. Dedicada a la promoción y defensa de los derechos humanos de niñas niños y adolescentes. Teniendo como marco de acción la Convención de Derechos del Niño aprobada por la&#8230;</p>
